{"id":6191,"date":"2024-04-04T10:58:49","date_gmt":"2024-04-04T08:58:49","guid":{"rendered":"https:\/\/socodit.fr\/consultants\/?page_id=6191"},"modified":"2025-05-06T16:21:54","modified_gmt":"2025-05-06T14:21:54","slug":"mentions-legales","status":"publish","type":"page","link":"https:\/\/socodit.fr\/consultants\/mentions-legales\/","title":{"rendered":"Mentions l\u00e9gales"},"content":{"rendered":"\t\t<div data-elementor-type=\"wp-page\" data-elementor-id=\"6191\" class=\"elementor elementor-6191\" data-elementor-post-type=\"page\">\n\t\t\t\t<div class=\"elementor-element elementor-element-8e1ec66 e-flex e-con-boxed e-con e-parent\" data-id=\"8e1ec66\" data-element_type=\"container\" data-e-type=\"container\">\n\t\t\t\t\t<div class=\"e-con-inner\">\n\t\t\t\t<div class=\"elementor-element elementor-element-bebfbcb elementor-widget elementor-widget-text-editor\" data-id=\"bebfbcb\" data-element_type=\"widget\" data-e-type=\"widget\" data-widget_type=\"text-editor.default\">\n\t\t\t\t<div class=\"elementor-widget-container\">\n\t\t\t\t\t\t\t\t\t<h5><strong>\u00c9DITEUR DU SITE<\/strong><\/h5>\n<p>Le site https:\/\/socodit.fr&nbsp;est la propri\u00e9t\u00e9 de la soci\u00e9t\u00e9 Socodit.<\/p>\n<p>Si\u00e8ge social : Socodit \u2013 152 Rue Martin Baudel 46000 Cahors<br>Capital social : 100 000 \u20ac<br>N\u00b0 d\u2019identification individuel (SIRET) : 350 573 952 00057<\/p>\n<h5><strong>&nbsp;<\/strong><\/h5>\n<h5><strong>H\u00c9BERGEUR DU SITE<\/strong><\/h5>\n<p>Socodit Consultants<\/p>\n<h5><strong>&nbsp;<\/strong><\/h5>\n<h5><strong>POLITIQUE DE PROTECTION DES DONN\u00c9ES PERSONNELLES<\/strong><\/h5>\n<p>En conformit\u00e9 avec l\u2019article 3 de la loi \u00ab&nbsp;Informatique et Libert\u00e9s&nbsp;\u00bb du 6 Janvier 1978, vous disposez d\u2019un droit d\u2019acc\u00e8s, de modification, de rectification et de suppression des donn\u00e9es personnelles qui vous concernent. Vous pouvez exercer ce droit par simple demande par email ou par courrier.<br>Le site https:\/\/socodit.fr&nbsp;fait usage de cookies qui permettent les fonctionnalit\u00e9s suivantes : tag Google Analytics. Si votre navigateur le permet, vous pouvez d\u00e9sactiver \u00e0 tout moment ces cookies. Cependant nous vous informons qu\u2019une telle d\u00e9sactivation pourrait limiter votre exp\u00e9rience utilisateur en emp\u00eachant le bon fonctionnement de certains services.<\/p>\n<p>Socodit accorde une grande importance au respect de votre vie priv\u00e9e et a \u00e0 c\u0153ur de construire avec vous des relations fortes et durables. La protection de vos donn\u00e9es personnelles est primordiale \u00e0 nos yeux. C\u2019est pourquoi, nous mettons \u00e0 votre disposition notre politique de protection des donn\u00e9es afin de vous informer, de la fa\u00e7on la plus claire possible, de nos pratiques concernant la collecte, l\u2019utilisation et le partage des informations que vous \u00eates amen\u00e9s \u00e0 nous fournir par le biais de notre site internet, via son formulaire de contact.<\/p>\n<p>Quelles sont les donn\u00e9es que nous traitons ?<u><\/u><u><\/u><\/p>\n<p>Via notre formulaire de contact, nous collectons des informations dont certaines sont de nature \u00e0 vous identifier et constituent de ce fait des donn\u00e9es \u00e0 caract\u00e8re personnel.<u><\/u><u><\/u><\/p>\n<p>Nous limitons la collecte des donn\u00e9es aux seules informations n\u00e9cessaires pour la fourniture des services que nous proposons, pour pouvoir vous recontacter. Ces donn\u00e9es sont conserv\u00e9es afin d\u2019assurer une tra\u00e7abilit\u00e9 des demandes.<u><\/u><u><\/u><\/p>\n<p>Vous disposez d\u2019un droit d\u2019acc\u00e8s, de rectification, d\u2019effacement ou de portabilit\u00e9 de vos donn\u00e9es personnelles. Vous pouvez vous opposer ou limiter certains traitements. Vous disposez \u00e9galement du droit de d\u00e9finir des directives relatives au sort de vos donn\u00e9es apr\u00e8s votre d\u00e9c\u00e8s. Enfin, vous avez le droit d\u2019introduire une r\u00e9clamation aupr\u00e8s de la Commission nationale de l\u2019informatique et des libert\u00e9s<\/p>\n<h4>&nbsp;<\/h4>\n<h5><strong>CONTENU DU SITE ET PROPRI\u00c9T\u00c9 INTELLECTUELLE<\/strong><\/h5>\n<p>Les informations fournies sur https:\/\/socodit.fr&nbsp;le sont \u00e0 titre informatif.<\/p>\n<p>Le site Socodit ne saurait garantir l\u2019exactitude, la compl\u00e9tude, l\u2019actualit\u00e9 des informations diffus\u00e9es sur le site. Les informations de ce site peuvent contenir des inexactitudes techniques ou des erreurs typographiques. Ces informations peuvent \u00eatre p\u00e9riodiquement modifi\u00e9es et les modifications seront incorpor\u00e9es dans les nouvelles \u00e9ditions.<br>Le site Socodit&nbsp;peut, \u00e0 tout moment, sans pr\u00e9avis, apporter des am\u00e9liorations ou des changements aux produits, aux programmes ou aux services d\u00e9crits sur ce site.<\/p>\n<p>Toute reproduction, repr\u00e9sentation, modification, publication, transmission, d\u00e9naturation, totale ou partielle du site ou de son contenu, par quelque proc\u00e9d\u00e9 que ce soit, et sur quelque support que ce soit est interdite.<br>Toute exploitation non autoris\u00e9e du site ou de son contenu, des informations qui y sont divulgu\u00e9es engagerait la responsabilit\u00e9 de l\u2019utilisateur et constituerait une contrefa\u00e7on sanctionn\u00e9e par les articles L 335-2 et suivants du Code de la Propri\u00e9t\u00e9 Intellectuelle.<br>Il en est de m\u00eame des bases de donn\u00e9es figurant, le cas \u00e9ch\u00e9ant, sur le site https:\/\/socodit.fr qui sont prot\u00e9g\u00e9es par les dispositions de la loi du 1er juillet 1998 portant transposition dans le Code de la Propri\u00e9t\u00e9 Intellectuelle de la Directive Europ\u00e9enne du 11 mars 1996 relative \u00e0 la protection juridique des bases de donn\u00e9es. A ce titre, toute reproduction ou extraction engagerait la responsabilit\u00e9 de l\u2019utilisateur.<\/p>\n<h3>&nbsp;<\/h3>\n<h5><strong>CR\u00c9DITS PHOTOS<\/strong><\/h5>\n<p>Adobe Stock \/ Canva.<\/p>\n<p><em>&nbsp;<\/em><\/p>\n<p><em>Derni\u00e8re mise \u00e0 jour de la page : 30\/03\/2025.<\/em><\/p>\t\t\t\t\t\t\t\t<\/div>\n\t\t\t\t<\/div>\n\t\t\t\t\t<\/div>\n\t\t\t\t<\/div>\n\t\t\t\t<\/div>\n\t\t","protected":false},"excerpt":{"rendered":"<p>\u00c9DITEUR DU SITE Le site https:\/\/socodit.fr&nbsp;est la propri\u00e9t\u00e9 de la soci\u00e9t\u00e9 Socodit. Si\u00e8ge social : Socodit \u2013 152 Rue Martin Baudel 46000 CahorsCapital social : 100 000 \u20acN\u00b0 d\u2019identification individuel (SIRET) : 350 573 952 00057 &nbsp; H\u00c9BERGEUR DU SITE Socodit Consultants &nbsp; POLITIQUE DE PROTECTION DES DONN\u00c9ES PERSONNELLES En conformit\u00e9 avec l\u2019article 3 de [&hellip;]<\/p>\n","protected":false},"author":4,"featured_media":0,"parent":0,"menu_order":0,"comment_status":"closed","ping_status":"closed","template":"","meta":{"om_disable_all_campaigns":false,"_uf_show_specific_survey":0,"_uf_disable_surveys":false,"footnotes":""},"class_list":["post-6191","page","type-page","status-publish","hentry"],"yoast_head":"<!-- This site is optimized with the Yoast SEO plugin v27.2 - https:\/\/yoast.com\/product\/yoast-seo-wordpress\/ -->\n<title>Mentions l\u00e9gales - Socodit Consultants<\/title>\n<meta name=\"robots\" content=\"index, follow, max-snippet:-1, max-image-preview:large, max-video-preview:-1\" \/>\n<link rel=\"canonical\" href=\"https:\/\/socodit.fr\/consultants\/mentions-legales\/\" \/>\n<meta property=\"og:locale\" content=\"fr_FR\" \/>\n<meta property=\"og:type\" content=\"article\" \/>\n<meta property=\"og:title\" content=\"Mentions l\u00e9gales - Socodit Consultants\" \/>\n<meta property=\"og:description\" content=\"\u00c9DITEUR DU SITE Le site https:\/\/socodit.fr&nbsp;est la propri\u00e9t\u00e9 de la soci\u00e9t\u00e9 Socodit. Si\u00e8ge social : Socodit \u2013 152 Rue Martin Baudel 46000 CahorsCapital social : 100 000 \u20acN\u00b0 d\u2019identification individuel (SIRET) : 350 573 952 00057 &nbsp; H\u00c9BERGEUR DU SITE Socodit Consultants &nbsp; POLITIQUE DE PROTECTION DES DONN\u00c9ES PERSONNELLES En conformit\u00e9 avec l\u2019article 3 de [&hellip;]\" \/>\n<meta property=\"og:url\" content=\"https:\/\/socodit.fr\/consultants\/mentions-legales\/\" \/>\n<meta property=\"og:site_name\" content=\"Socodit Consultants\" \/>\n<meta property=\"article:modified_time\" content=\"2025-05-06T14:21:54+00:00\" \/>\n<meta name=\"twitter:card\" content=\"summary_large_image\" \/>\n<meta name=\"twitter:label1\" content=\"Dur\u00e9e de lecture estim\u00e9e\" \/>\n\t<meta name=\"twitter:data1\" content=\"4 minutes\" \/>\n<script type=\"application\/ld+json\" class=\"yoast-schema-graph\">{\"@context\":\"https:\/\/schema.org\",\"@graph\":[{\"@type\":\"WebPage\",\"@id\":\"https:\/\/socodit.fr\/consultants\/mentions-legales\/\",\"url\":\"https:\/\/socodit.fr\/consultants\/mentions-legales\/\",\"name\":\"Mentions l\u00e9gales - Socodit Consultants\",\"isPartOf\":{\"@id\":\"https:\/\/socodit.fr\/consultants\/#website\"},\"datePublished\":\"2024-04-04T08:58:49+00:00\",\"dateModified\":\"2025-05-06T14:21:54+00:00\",\"breadcrumb\":{\"@id\":\"https:\/\/socodit.fr\/consultants\/mentions-legales\/#breadcrumb\"},\"inLanguage\":\"fr-FR\",\"potentialAction\":[{\"@type\":\"ReadAction\",\"target\":[\"https:\/\/socodit.fr\/consultants\/mentions-legales\/\"]}]},{\"@type\":\"BreadcrumbList\",\"@id\":\"https:\/\/socodit.fr\/consultants\/mentions-legales\/#breadcrumb\",\"itemListElement\":[{\"@type\":\"ListItem\",\"position\":1,\"name\":\"Accueil\",\"item\":\"https:\/\/socodit.fr\/consultants\/\"},{\"@type\":\"ListItem\",\"position\":2,\"name\":\"Mentions l\u00e9gales\"}]},{\"@type\":\"WebSite\",\"@id\":\"https:\/\/socodit.fr\/consultants\/#website\",\"url\":\"https:\/\/socodit.fr\/consultants\/\",\"name\":\"Socodit Consultants\",\"description\":\"Depuis 1989, Socodit allie expertise pluridisciplinaire et approche humaine pour vous accompagner dans la transformation de votre entreprise.\",\"publisher\":{\"@id\":\"https:\/\/socodit.fr\/consultants\/#organization\"},\"potentialAction\":[{\"@type\":\"SearchAction\",\"target\":{\"@type\":\"EntryPoint\",\"urlTemplate\":\"https:\/\/socodit.fr\/consultants\/?s={search_term_string}\"},\"query-input\":{\"@type\":\"PropertyValueSpecification\",\"valueRequired\":true,\"valueName\":\"search_term_string\"}}],\"inLanguage\":\"fr-FR\"},{\"@type\":\"Organization\",\"@id\":\"https:\/\/socodit.fr\/consultants\/#organization\",\"name\":\"Socodit Consultants\",\"url\":\"https:\/\/socodit.fr\/consultants\/\",\"logo\":{\"@type\":\"ImageObject\",\"inLanguage\":\"fr-FR\",\"@id\":\"https:\/\/socodit.fr\/consultants\/#\/schema\/logo\/image\/\",\"url\":\"https:\/\/socodit.fr\/consultants\/wp-content\/uploads\/2024\/03\/LOGO_SOCODIT-2025-1.png\",\"contentUrl\":\"https:\/\/socodit.fr\/consultants\/wp-content\/uploads\/2024\/03\/LOGO_SOCODIT-2025-1.png\",\"width\":1844,\"height\":478,\"caption\":\"Socodit Consultants\"},\"image\":{\"@id\":\"https:\/\/socodit.fr\/consultants\/#\/schema\/logo\/image\/\"}}]}<\/script>\n<!-- \/ Yoast SEO plugin. -->","yoast_head_json":{"title":"Mentions l\u00e9gales - Socodit Consultants","robots":{"index":"index","follow":"follow","max-snippet":"max-snippet:-1","max-image-preview":"max-image-preview:large","max-video-preview":"max-video-preview:-1"},"canonical":"https:\/\/socodit.fr\/consultants\/mentions-legales\/","og_locale":"fr_FR","og_type":"article","og_title":"Mentions l\u00e9gales - Socodit Consultants","og_description":"\u00c9DITEUR DU SITE Le site https:\/\/socodit.fr&nbsp;est la propri\u00e9t\u00e9 de la soci\u00e9t\u00e9 Socodit. Si\u00e8ge social : Socodit \u2013 152 Rue Martin Baudel 46000 CahorsCapital social : 100 000 \u20acN\u00b0 d\u2019identification individuel (SIRET) : 350 573 952 00057 &nbsp; H\u00c9BERGEUR DU SITE Socodit Consultants &nbsp; POLITIQUE DE PROTECTION DES DONN\u00c9ES PERSONNELLES En conformit\u00e9 avec l\u2019article 3 de [&hellip;]","og_url":"https:\/\/socodit.fr\/consultants\/mentions-legales\/","og_site_name":"Socodit Consultants","article_modified_time":"2025-05-06T14:21:54+00:00","twitter_card":"summary_large_image","twitter_misc":{"Dur\u00e9e de lecture estim\u00e9e":"4 minutes"},"schema":{"@context":"https:\/\/schema.org","@graph":[{"@type":"WebPage","@id":"https:\/\/socodit.fr\/consultants\/mentions-legales\/","url":"https:\/\/socodit.fr\/consultants\/mentions-legales\/","name":"Mentions l\u00e9gales - Socodit Consultants","isPartOf":{"@id":"https:\/\/socodit.fr\/consultants\/#website"},"datePublished":"2024-04-04T08:58:49+00:00","dateModified":"2025-05-06T14:21:54+00:00","breadcrumb":{"@id":"https:\/\/socodit.fr\/consultants\/mentions-legales\/#breadcrumb"},"inLanguage":"fr-FR","potentialAction":[{"@type":"ReadAction","target":["https:\/\/socodit.fr\/consultants\/mentions-legales\/"]}]},{"@type":"BreadcrumbList","@id":"https:\/\/socodit.fr\/consultants\/mentions-legales\/#breadcrumb","itemListElement":[{"@type":"ListItem","position":1,"name":"Accueil","item":"https:\/\/socodit.fr\/consultants\/"},{"@type":"ListItem","position":2,"name":"Mentions l\u00e9gales"}]},{"@type":"WebSite","@id":"https:\/\/socodit.fr\/consultants\/#website","url":"https:\/\/socodit.fr\/consultants\/","name":"Socodit Consultants","description":"Depuis 1989, Socodit allie expertise pluridisciplinaire et approche humaine pour vous accompagner dans la transformation de votre entreprise.","publisher":{"@id":"https:\/\/socodit.fr\/consultants\/#organization"},"potentialAction":[{"@type":"SearchAction","target":{"@type":"EntryPoint","urlTemplate":"https:\/\/socodit.fr\/consultants\/?s={search_term_string}"},"query-input":{"@type":"PropertyValueSpecification","valueRequired":true,"valueName":"search_term_string"}}],"inLanguage":"fr-FR"},{"@type":"Organization","@id":"https:\/\/socodit.fr\/consultants\/#organization","name":"Socodit Consultants","url":"https:\/\/socodit.fr\/consultants\/","logo":{"@type":"ImageObject","inLanguage":"fr-FR","@id":"https:\/\/socodit.fr\/consultants\/#\/schema\/logo\/image\/","url":"https:\/\/socodit.fr\/consultants\/wp-content\/uploads\/2024\/03\/LOGO_SOCODIT-2025-1.png","contentUrl":"https:\/\/socodit.fr\/consultants\/wp-content\/uploads\/2024\/03\/LOGO_SOCODIT-2025-1.png","width":1844,"height":478,"caption":"Socodit Consultants"},"image":{"@id":"https:\/\/socodit.fr\/consultants\/#\/schema\/logo\/image\/"}}]}},"_links":{"self":[{"href":"https:\/\/socodit.fr\/consultants\/wp-json\/wp\/v2\/pages\/6191","targetHints":{"allow":["GET"]}}],"collection":[{"href":"https:\/\/socodit.fr\/consultants\/wp-json\/wp\/v2\/pages"}],"about":[{"href":"https:\/\/socodit.fr\/consultants\/wp-json\/wp\/v2\/types\/page"}],"author":[{"embeddable":true,"href":"https:\/\/socodit.fr\/consultants\/wp-json\/wp\/v2\/users\/4"}],"replies":[{"embeddable":true,"href":"https:\/\/socodit.fr\/consultants\/wp-json\/wp\/v2\/comments?post=6191"}],"version-history":[{"count":3,"href":"https:\/\/socodit.fr\/consultants\/wp-json\/wp\/v2\/pages\/6191\/revisions"}],"predecessor-version":[{"id":19311,"href":"https:\/\/socodit.fr\/consultants\/wp-json\/wp\/v2\/pages\/6191\/revisions\/19311"}],"wp:attachment":[{"href":"https:\/\/socodit.fr\/consultants\/wp-json\/wp\/v2\/media?parent=6191"}],"curies":[{"name":"wp","href":"https:\/\/api.w.org\/{rel}","templated":true}]}}