{"id":6167,"date":"2024-04-04T10:15:43","date_gmt":"2024-04-04T08:15:43","guid":{"rendered":"https:\/\/socodit.fr\/consultants\/?page_id=6167"},"modified":"2026-02-03T15:34:37","modified_gmt":"2026-02-03T14:34:37","slug":"contactez-nous","status":"publish","type":"page","link":"https:\/\/socodit.fr\/consultants\/contactez-nous\/","title":{"rendered":"Contact"},"content":{"rendered":"\t\t<div data-elementor-type=\"wp-page\" data-elementor-id=\"6167\" class=\"elementor elementor-6167\" data-elementor-post-type=\"page\">\n\t\t\t\t<div class=\"elementor-element elementor-element-0d649cc e-flex e-con-boxed e-con e-parent\" data-id=\"0d649cc\" data-element_type=\"container\" data-e-type=\"container\">\n\t\t\t\t\t<div class=\"e-con-inner\">\n\t\t\t\t<div class=\"elementor-element elementor-element-f872ee2 elementor-widget elementor-widget-spacer\" data-id=\"f872ee2\" data-element_type=\"widget\" data-e-type=\"widget\" data-widget_type=\"spacer.default\">\n\t\t\t\t<div class=\"elementor-widget-container\">\n\t\t\t\t\t\t\t<div class=\"elementor-spacer\">\n\t\t\t<div class=\"elementor-spacer-inner\"><\/div>\n\t\t<\/div>\n\t\t\t\t\t\t<\/div>\n\t\t\t\t<\/div>\n\t\t\t\t<div class=\"elementor-element elementor-element-d7e11fd elementor-widget elementor-widget-heading\" data-id=\"d7e11fd\" data-element_type=\"widget\" data-e-type=\"widget\" data-widget_type=\"heading.default\">\n\t\t\t\t<div class=\"elementor-widget-container\">\n\t\t\t\t\t<h2 class=\"elementor-heading-title elementor-size-default\">Faites-nous part de votre projet<\/h2>\t\t\t\t<\/div>\n\t\t\t\t<\/div>\n\t\t\t\t\t<\/div>\n\t\t\t\t<\/div>\n\t\t<div class=\"elementor-element elementor-element-2d49378 e-flex e-con-boxed e-con e-parent\" data-id=\"2d49378\" data-element_type=\"container\" data-e-type=\"container\">\n\t\t\t\t\t<div class=\"e-con-inner\">\n\t\t<div class=\"elementor-element elementor-element-ef4234a e-con-full e-flex e-con e-child\" data-id=\"ef4234a\" data-element_type=\"container\" data-e-type=\"container\">\n\t\t\t\t<div class=\"elementor-element elementor-element-7bc5023 elementor-widget elementor-widget-heading\" data-id=\"7bc5023\" data-element_type=\"widget\" data-e-type=\"widget\" data-widget_type=\"heading.default\">\n\t\t\t\t<div class=\"elementor-widget-container\">\n\t\t\t\t\t<h2 class=\"elementor-heading-title elementor-size-default\">SI\u00c8GE SOCIAL<\/h2>\t\t\t\t<\/div>\n\t\t\t\t<\/div>\n\t\t\t\t<div class=\"elementor-element elementor-element-ce6c4a0 elementor-widget elementor-widget-text-editor\" data-id=\"ce6c4a0\" data-element_type=\"widget\" data-e-type=\"widget\" data-widget_type=\"text-editor.default\">\n\t\t\t\t<div class=\"elementor-widget-container\">\n\t\t\t\t\t\t\t\t\t<p>152, rue Martin Baudel \u2013 46000 CAHORS<br \/><strong>Tel<\/strong>\u00a0: 05.65.20.63.63<\/p>\t\t\t\t\t\t\t\t<\/div>\n\t\t\t\t<\/div>\n\t\t\t\t<div class=\"elementor-element elementor-element-8b2cf96 elementor-widget elementor-widget-google_maps\" data-id=\"8b2cf96\" data-element_type=\"widget\" data-e-type=\"widget\" data-widget_type=\"google_maps.default\">\n\t\t\t\t<div class=\"elementor-widget-container\">\n\t\t\t\t\t\t\t<div class=\"elementor-custom-embed\">\n\t\t\t<iframe loading=\"lazy\"\n\t\t\t\t\tsrc=\"https:\/\/maps.google.com\/maps?q=SOCODIT%20Consultants%20152%20rue%20martin%20baudel%20cahors&#038;t=m&#038;z=15&#038;output=embed&#038;iwloc=near\"\n\t\t\t\t\ttitle=\"SOCODIT Consultants 152 rue martin baudel cahors\"\n\t\t\t\t\taria-label=\"SOCODIT Consultants 152 rue martin baudel cahors\"\n\t\t\t><\/iframe>\n\t\t<\/div>\n\t\t\t\t\t\t<\/div>\n\t\t\t\t<\/div>\n\t\t\t\t<\/div>\n\t\t<div class=\"elementor-element elementor-element-cfb9a21 e-con-full e-flex e-con e-child\" data-id=\"cfb9a21\" data-element_type=\"container\" data-e-type=\"container\">\n\t\t\t\t<div class=\"elementor-element elementor-element-7bb76c4 elementor-widget elementor-widget-heading\" data-id=\"7bb76c4\" data-element_type=\"widget\" data-e-type=\"widget\" data-widget_type=\"heading.default\">\n\t\t\t\t<div class=\"elementor-widget-container\">\n\t\t\t\t\t<h2 class=\"elementor-heading-title elementor-size-default\">AGENCE DE BLAGNAC<\/h2>\t\t\t\t<\/div>\n\t\t\t\t<\/div>\n\t\t\t\t<div class=\"elementor-element elementor-element-24bd662 elementor-widget elementor-widget-text-editor\" data-id=\"24bd662\" data-element_type=\"widget\" data-e-type=\"widget\" data-widget_type=\"text-editor.default\">\n\t\t\t\t<div class=\"elementor-widget-container\">\n\t\t\t\t\t\t\t\t\t<p>4 rue Farman &#8211; 31700 BLAGNAC<br \/><strong>Tel<\/strong> : 06.86.57.84.04<\/p>\t\t\t\t\t\t\t\t<\/div>\n\t\t\t\t<\/div>\n\t\t\t\t<div class=\"elementor-element elementor-element-fdea0d5 elementor-widget elementor-widget-google_maps\" data-id=\"fdea0d5\" data-element_type=\"widget\" data-e-type=\"widget\" data-widget_type=\"google_maps.default\">\n\t\t\t\t<div class=\"elementor-widget-container\">\n\t\t\t\t\t\t\t<div class=\"elementor-custom-embed\">\n\t\t\t<iframe loading=\"lazy\"\n\t\t\t\t\tsrc=\"https:\/\/maps.google.com\/maps?q=SOCODIT%20Consultants%20-%204%20rue%20Farman%20-%2031700%20BLAGNAC&#038;t=m&#038;z=16&#038;output=embed&#038;iwloc=near\"\n\t\t\t\t\ttitle=\"SOCODIT Consultants - 4 rue Farman - 31700 BLAGNAC\"\n\t\t\t\t\taria-label=\"SOCODIT Consultants - 4 rue Farman - 31700 BLAGNAC\"\n\t\t\t><\/iframe>\n\t\t<\/div>\n\t\t\t\t\t\t<\/div>\n\t\t\t\t<\/div>\n\t\t\t\t<\/div>\n\t\t\t\t\t<\/div>\n\t\t\t\t<\/div>\n\t\t<div class=\"elementor-element elementor-element-1cd87eb e-flex e-con-boxed e-con e-parent\" data-id=\"1cd87eb\" data-element_type=\"container\" data-e-type=\"container\">\n\t\t\t\t\t<div class=\"e-con-inner\">\n\t\t\t\t<div class=\"elementor-element elementor-element-f538227 elementor-widget-divider--view-line elementor-widget elementor-widget-divider\" data-id=\"f538227\" data-element_type=\"widget\" data-e-type=\"widget\" data-widget_type=\"divider.default\">\n\t\t\t\t<div class=\"elementor-widget-container\">\n\t\t\t\t\t\t\t<div class=\"elementor-divider\">\n\t\t\t<span class=\"elementor-divider-separator\">\n\t\t\t\t\t\t<\/span>\n\t\t<\/div>\n\t\t\t\t\t\t<\/div>\n\t\t\t\t<\/div>\n\t\t\t\t\t<\/div>\n\t\t\t\t<\/div>\n\t\t<div class=\"elementor-element elementor-element-3f243b5 e-flex e-con-boxed e-con e-parent\" data-id=\"3f243b5\" data-element_type=\"container\" data-e-type=\"container\">\n\t\t\t\t\t<div class=\"e-con-inner\">\n\t\t\t\t<div class=\"elementor-element elementor-element-b7c79f5 elementor-widget elementor-widget-heading\" data-id=\"b7c79f5\" data-element_type=\"widget\" data-e-type=\"widget\" data-widget_type=\"heading.default\">\n\t\t\t\t<div class=\"elementor-widget-container\">\n\t\t\t\t\t<h2 class=\"elementor-heading-title elementor-size-default\">Un besoin, un projet ? Contactez-nous !<\/h2>\t\t\t\t<\/div>\n\t\t\t\t<\/div>\n\t\t\t\t\t<\/div>\n\t\t\t\t<\/div>\n\t\t<div class=\"elementor-element elementor-element-d3e42fe e-flex e-con-boxed e-con e-parent\" data-id=\"d3e42fe\" data-element_type=\"container\" data-e-type=\"container\">\n\t\t\t\t\t<div class=\"e-con-inner\">\n\t\t\t\t<div class=\"elementor-element elementor-element-5fac726 elementor-widget elementor-widget-text-editor\" data-id=\"5fac726\" data-element_type=\"widget\" data-e-type=\"widget\" data-widget_type=\"text-editor.default\">\n\t\t\t\t<div class=\"elementor-widget-container\">\n\t\t\t\t\t\t\t\t\tLes candidatures spontan\u00e9es sont les bienvenues !\t\t\t\t\t\t\t\t<\/div>\n\t\t\t\t<\/div>\n\t\t\t\t\t<\/div>\n\t\t\t\t<\/div>\n\t\t<div class=\"elementor-element elementor-element-94d893f e-flex e-con-boxed e-con e-parent\" data-id=\"94d893f\" data-element_type=\"container\" data-e-type=\"container\">\n\t\t\t\t\t<div class=\"e-con-inner\">\n\t\t\t\t<div class=\"elementor-element elementor-element-585a05a elementor-widget elementor-widget-spacer\" data-id=\"585a05a\" data-element_type=\"widget\" data-e-type=\"widget\" data-widget_type=\"spacer.default\">\n\t\t\t\t<div class=\"elementor-widget-container\">\n\t\t\t\t\t\t\t<div class=\"elementor-spacer\">\n\t\t\t<div class=\"elementor-spacer-inner\"><\/div>\n\t\t<\/div>\n\t\t\t\t\t\t<\/div>\n\t\t\t\t<\/div>\n\t\t\t\t\t<\/div>\n\t\t\t\t<\/div>\n\t\t<div class=\"elementor-element elementor-element-ae89e20 e-flex e-con-boxed e-con e-parent\" data-id=\"ae89e20\" data-element_type=\"container\" data-e-type=\"container\">\n\t\t\t\t\t<div class=\"e-con-inner\">\n\t\t\t\t<div class=\"elementor-element elementor-element-5697ee4 elementor-widget__width-initial elementor-button-align-stretch elementor-widget elementor-widget-form\" data-id=\"5697ee4\" data-element_type=\"widget\" data-e-type=\"widget\" data-settings=\"{&quot;step_next_label&quot;:&quot;Suivant&quot;,&quot;step_previous_label&quot;:&quot;Pr\\u00e9c\\u00e9dent&quot;,&quot;button_width&quot;:&quot;100&quot;,&quot;step_type&quot;:&quot;number_text&quot;,&quot;step_icon_shape&quot;:&quot;circle&quot;}\" data-widget_type=\"form.default\">\n\t\t\t\t<div class=\"elementor-widget-container\">\n\t\t\t\t\t\t\t<form class=\"elementor-form\" method=\"post\" name=\"Nouveau formulaire\" aria-label=\"Nouveau formulaire\">\n\t\t\t<input type=\"hidden\" name=\"post_id\" value=\"6167\"\/>\n\t\t\t<input type=\"hidden\" name=\"form_id\" value=\"5697ee4\"\/>\n\t\t\t<input type=\"hidden\" name=\"referer_title\" value=\"Contact | Socodit Consultants Midi-Pyr\u00e9n\u00e9es\" \/>\n\n\t\t\t\t\t\t\t<input type=\"hidden\" name=\"queried_id\" value=\"6167\"\/>\n\t\t\t\n\t\t\t<div class=\"elementor-form-fields-wrapper elementor-labels-above\">\n\t\t\t\t\t\t\t\t<div class=\"elementor-field-type-text elementor-field-group elementor-column elementor-field-group-name elementor-col-100 elementor-field-required\">\n\t\t\t\t\t\t\t\t\t\t\t\t<label for=\"form-field-name\" class=\"elementor-field-label\">\n\t\t\t\t\t\t\t\tVos nom et pr\u00e9nom\t\t\t\t\t\t\t<\/label>\n\t\t\t\t\t\t\t\t\t\t\t\t\t\t<input size=\"1\" type=\"text\" name=\"form_fields[name]\" id=\"form-field-name\" class=\"elementor-field elementor-size-md  elementor-field-textual\" required=\"required\">\n\t\t\t\t\t\t\t\t\t\t\t<\/div>\n\t\t\t\t\t\t\t\t<div class=\"elementor-field-type-email elementor-field-group elementor-column elementor-field-group-email elementor-col-100 elementor-field-required\">\n\t\t\t\t\t\t\t\t\t\t\t\t<label for=\"form-field-email\" class=\"elementor-field-label\">\n\t\t\t\t\t\t\t\tVotre e-mail\t\t\t\t\t\t\t<\/label>\n\t\t\t\t\t\t\t\t\t\t\t\t\t\t<input size=\"1\" type=\"email\" name=\"form_fields[email]\" id=\"form-field-email\" class=\"elementor-field elementor-size-md  elementor-field-textual\" required=\"required\">\n\t\t\t\t\t\t\t\t\t\t\t<\/div>\n\t\t\t\t\t\t\t\t<div class=\"elementor-field-type-text elementor-field-group elementor-column elementor-field-group-field_1f9ff5a elementor-col-100\">\n\t\t\t\t\t\t\t\t\t\t\t\t<label for=\"form-field-field_1f9ff5a\" class=\"elementor-field-label\">\n\t\t\t\t\t\t\t\tVotre entreprise (facultatif)\t\t\t\t\t\t\t<\/label>\n\t\t\t\t\t\t\t\t\t\t\t\t\t\t<input size=\"1\" type=\"text\" name=\"form_fields[field_1f9ff5a]\" id=\"form-field-field_1f9ff5a\" class=\"elementor-field elementor-size-md  elementor-field-textual\">\n\t\t\t\t\t\t\t\t\t\t\t<\/div>\n\t\t\t\t\t\t\t\t<div class=\"elementor-field-type-textarea elementor-field-group elementor-column elementor-field-group-message elementor-col-100 elementor-field-required\">\n\t\t\t\t\t\t\t\t\t\t\t\t<label for=\"form-field-message\" class=\"elementor-field-label\">\n\t\t\t\t\t\t\t\tVotre message\t\t\t\t\t\t\t<\/label>\n\t\t\t\t\t\t<textarea class=\"elementor-field-textual elementor-field  elementor-size-md\" name=\"form_fields[message]\" id=\"form-field-message\" rows=\"7\" required=\"required\"><\/textarea>\t\t\t\t<\/div>\n\t\t\t\t\t\t\t\t<div class=\"elementor-field-type-upload elementor-field-group elementor-column elementor-field-group-field_73135f2 elementor-col-100\">\n\t\t\t\t\t\t\t\t\t\t\t\t<label for=\"form-field-field_73135f2\" class=\"elementor-field-label\">\n\t\t\t\t\t\t\t\tPi\u00e8ce jointe (seuls les PDF sont autoris\u00e9s)\t\t\t\t\t\t\t<\/label>\n\t\t\t\t\t\t\t\t<input type=\"file\" name=\"form_fields[field_73135f2][]\" id=\"form-field-field_73135f2\" class=\"elementor-field elementor-size-md  elementor-upload-field\" multiple=\"multiple\" data-maxsize=\"20\" data-maxsize-message=\"Ce fichier d\u00e9passe la taille maximale autoris\u00e9e.\">\n\n\t\t\t\t\t\t<\/div>\n\t\t\t\t\t\t\t\t<div class=\"elementor-field-group elementor-column elementor-field-type-submit elementor-col-100 e-form__buttons\">\n\t\t\t\t\t<button class=\"elementor-button elementor-size-sm\" type=\"submit\">\n\t\t\t\t\t\t<span class=\"elementor-button-content-wrapper\">\n\t\t\t\t\t\t\t\t\t\t\t\t\t\t\t\t\t\t\t\t\t\t<span class=\"elementor-button-text\">Envoyer<\/span>\n\t\t\t\t\t\t\t\t\t\t\t\t\t<\/span>\n\t\t\t\t\t<\/button>\n\t\t\t\t<\/div>\n\t\t\t<\/div>\n\t\t<\/form>\n\t\t\t\t\t\t<\/div>\n\t\t\t\t<\/div>\n\t\t\t\t\t<\/div>\n\t\t\t\t<\/div>\n\t\t<div class=\"elementor-element elementor-element-d1c132e e-flex e-con-boxed e-con e-parent\" data-id=\"d1c132e\" data-element_type=\"container\" data-e-type=\"container\">\n\t\t\t\t\t<div class=\"e-con-inner\">\n\t\t\t\t<div class=\"elementor-element elementor-element-790dcdf elementor-widget elementor-widget-spacer\" data-id=\"790dcdf\" data-element_type=\"widget\" data-e-type=\"widget\" data-widget_type=\"spacer.default\">\n\t\t\t\t<div class=\"elementor-widget-container\">\n\t\t\t\t\t\t\t<div class=\"elementor-spacer\">\n\t\t\t<div class=\"elementor-spacer-inner\"><\/div>\n\t\t<\/div>\n\t\t\t\t\t\t<\/div>\n\t\t\t\t<\/div>\n\t\t\t\t\t<\/div>\n\t\t\t\t<\/div>\n\t\t\t\t<\/div>\n\t\t","protected":false},"excerpt":{"rendered":"<p>Faites-nous part de votre projet SI\u00c8GE SOCIAL 152, rue Martin Baudel \u2013 46000 CAHORSTel\u00a0: 05.65.20.63.63 AGENCE DE BLAGNAC 4 rue Farman &#8211; 31700 BLAGNACTel : 06.86.57.84.04 Un besoin, un projet ? Contactez-nous ! Les candidatures spontan\u00e9es sont les bienvenues !<\/p>\n","protected":false},"author":4,"featured_media":0,"parent":0,"menu_order":0,"comment_status":"closed","ping_status":"closed","template":"","meta":{"om_disable_all_campaigns":false,"_uf_show_specific_survey":0,"_uf_disable_surveys":false,"footnotes":""},"class_list":["post-6167","page","type-page","status-publish","hentry"],"yoast_head":"<!-- This site is optimized with the Yoast SEO plugin v27.2 - https:\/\/yoast.com\/product\/yoast-seo-wordpress\/ -->\n<title>Contact | Socodit Consultants Midi-Pyr\u00e9n\u00e9es<\/title>\n<meta name=\"description\" content=\"Contactez Socodit Consultants \u00e0 Cahors et Blagnac. Votre partenaire en conseil, formation et performance d\u2019entreprise en Midi-Pyr\u00e9n\u00e9es.\" \/>\n<meta name=\"robots\" content=\"index, follow, max-snippet:-1, max-image-preview:large, max-video-preview:-1\" \/>\n<link rel=\"canonical\" href=\"https:\/\/socodit.fr\/consultants\/contactez-nous\/\" \/>\n<meta property=\"og:locale\" content=\"fr_FR\" \/>\n<meta property=\"og:type\" content=\"article\" \/>\n<meta property=\"og:title\" content=\"Contact | Socodit Consultants Midi-Pyr\u00e9n\u00e9es\" \/>\n<meta property=\"og:description\" content=\"Contactez Socodit Consultants \u00e0 Cahors et Blagnac. Votre partenaire en conseil, formation et performance d\u2019entreprise en Midi-Pyr\u00e9n\u00e9es.\" \/>\n<meta property=\"og:url\" content=\"https:\/\/socodit.fr\/consultants\/contactez-nous\/\" \/>\n<meta property=\"og:site_name\" content=\"Socodit Consultants\" \/>\n<meta property=\"article:modified_time\" content=\"2026-02-03T14:34:37+00:00\" \/>\n<meta name=\"twitter:card\" content=\"summary_large_image\" \/>\n<meta name=\"twitter:label1\" content=\"Dur\u00e9e de lecture estim\u00e9e\" \/>\n\t<meta name=\"twitter:data1\" content=\"1 minute\" \/>\n<script type=\"application\/ld+json\" class=\"yoast-schema-graph\">{\"@context\":\"https:\/\/schema.org\",\"@graph\":[{\"@type\":\"WebPage\",\"@id\":\"https:\/\/socodit.fr\/consultants\/contactez-nous\/\",\"url\":\"https:\/\/socodit.fr\/consultants\/contactez-nous\/\",\"name\":\"Contact | Socodit Consultants Midi-Pyr\u00e9n\u00e9es\",\"isPartOf\":{\"@id\":\"https:\/\/socodit.fr\/consultants\/#website\"},\"datePublished\":\"2024-04-04T08:15:43+00:00\",\"dateModified\":\"2026-02-03T14:34:37+00:00\",\"description\":\"Contactez Socodit Consultants \u00e0 Cahors et Blagnac. Votre partenaire en conseil, formation et performance d\u2019entreprise en Midi-Pyr\u00e9n\u00e9es.\",\"breadcrumb\":{\"@id\":\"https:\/\/socodit.fr\/consultants\/contactez-nous\/#breadcrumb\"},\"inLanguage\":\"fr-FR\",\"potentialAction\":[{\"@type\":\"ReadAction\",\"target\":[\"https:\/\/socodit.fr\/consultants\/contactez-nous\/\"]}]},{\"@type\":\"BreadcrumbList\",\"@id\":\"https:\/\/socodit.fr\/consultants\/contactez-nous\/#breadcrumb\",\"itemListElement\":[{\"@type\":\"ListItem\",\"position\":1,\"name\":\"Accueil\",\"item\":\"https:\/\/socodit.fr\/consultants\/\"},{\"@type\":\"ListItem\",\"position\":2,\"name\":\"Contact\"}]},{\"@type\":\"WebSite\",\"@id\":\"https:\/\/socodit.fr\/consultants\/#website\",\"url\":\"https:\/\/socodit.fr\/consultants\/\",\"name\":\"Socodit Consultants\",\"description\":\"Depuis 1989, Socodit allie expertise pluridisciplinaire et approche humaine pour vous accompagner dans la transformation de votre entreprise.\",\"publisher\":{\"@id\":\"https:\/\/socodit.fr\/consultants\/#organization\"},\"potentialAction\":[{\"@type\":\"SearchAction\",\"target\":{\"@type\":\"EntryPoint\",\"urlTemplate\":\"https:\/\/socodit.fr\/consultants\/?s={search_term_string}\"},\"query-input\":{\"@type\":\"PropertyValueSpecification\",\"valueRequired\":true,\"valueName\":\"search_term_string\"}}],\"inLanguage\":\"fr-FR\"},{\"@type\":\"Organization\",\"@id\":\"https:\/\/socodit.fr\/consultants\/#organization\",\"name\":\"Socodit Consultants\",\"url\":\"https:\/\/socodit.fr\/consultants\/\",\"logo\":{\"@type\":\"ImageObject\",\"inLanguage\":\"fr-FR\",\"@id\":\"https:\/\/socodit.fr\/consultants\/#\/schema\/logo\/image\/\",\"url\":\"https:\/\/socodit.fr\/consultants\/wp-content\/uploads\/2024\/03\/LOGO_SOCODIT-2025-1.png\",\"contentUrl\":\"https:\/\/socodit.fr\/consultants\/wp-content\/uploads\/2024\/03\/LOGO_SOCODIT-2025-1.png\",\"width\":1844,\"height\":478,\"caption\":\"Socodit Consultants\"},\"image\":{\"@id\":\"https:\/\/socodit.fr\/consultants\/#\/schema\/logo\/image\/\"}}]}<\/script>\n<!-- \/ Yoast SEO plugin. -->","yoast_head_json":{"title":"Contact | Socodit Consultants Midi-Pyr\u00e9n\u00e9es","description":"Contactez Socodit Consultants \u00e0 Cahors et Blagnac. Votre partenaire en conseil, formation et performance d\u2019entreprise en Midi-Pyr\u00e9n\u00e9es.","robots":{"index":"index","follow":"follow","max-snippet":"max-snippet:-1","max-image-preview":"max-image-preview:large","max-video-preview":"max-video-preview:-1"},"canonical":"https:\/\/socodit.fr\/consultants\/contactez-nous\/","og_locale":"fr_FR","og_type":"article","og_title":"Contact | Socodit Consultants Midi-Pyr\u00e9n\u00e9es","og_description":"Contactez Socodit Consultants \u00e0 Cahors et Blagnac. Votre partenaire en conseil, formation et performance d\u2019entreprise en Midi-Pyr\u00e9n\u00e9es.","og_url":"https:\/\/socodit.fr\/consultants\/contactez-nous\/","og_site_name":"Socodit Consultants","article_modified_time":"2026-02-03T14:34:37+00:00","twitter_card":"summary_large_image","twitter_misc":{"Dur\u00e9e de lecture estim\u00e9e":"1 minute"},"schema":{"@context":"https:\/\/schema.org","@graph":[{"@type":"WebPage","@id":"https:\/\/socodit.fr\/consultants\/contactez-nous\/","url":"https:\/\/socodit.fr\/consultants\/contactez-nous\/","name":"Contact | Socodit Consultants Midi-Pyr\u00e9n\u00e9es","isPartOf":{"@id":"https:\/\/socodit.fr\/consultants\/#website"},"datePublished":"2024-04-04T08:15:43+00:00","dateModified":"2026-02-03T14:34:37+00:00","description":"Contactez Socodit Consultants \u00e0 Cahors et Blagnac. Votre partenaire en conseil, formation et performance d\u2019entreprise en Midi-Pyr\u00e9n\u00e9es.","breadcrumb":{"@id":"https:\/\/socodit.fr\/consultants\/contactez-nous\/#breadcrumb"},"inLanguage":"fr-FR","potentialAction":[{"@type":"ReadAction","target":["https:\/\/socodit.fr\/consultants\/contactez-nous\/"]}]},{"@type":"BreadcrumbList","@id":"https:\/\/socodit.fr\/consultants\/contactez-nous\/#breadcrumb","itemListElement":[{"@type":"ListItem","position":1,"name":"Accueil","item":"https:\/\/socodit.fr\/consultants\/"},{"@type":"ListItem","position":2,"name":"Contact"}]},{"@type":"WebSite","@id":"https:\/\/socodit.fr\/consultants\/#website","url":"https:\/\/socodit.fr\/consultants\/","name":"Socodit Consultants","description":"Depuis 1989, Socodit allie expertise pluridisciplinaire et approche humaine pour vous accompagner dans la transformation de votre entreprise.","publisher":{"@id":"https:\/\/socodit.fr\/consultants\/#organization"},"potentialAction":[{"@type":"SearchAction","target":{"@type":"EntryPoint","urlTemplate":"https:\/\/socodit.fr\/consultants\/?s={search_term_string}"},"query-input":{"@type":"PropertyValueSpecification","valueRequired":true,"valueName":"search_term_string"}}],"inLanguage":"fr-FR"},{"@type":"Organization","@id":"https:\/\/socodit.fr\/consultants\/#organization","name":"Socodit Consultants","url":"https:\/\/socodit.fr\/consultants\/","logo":{"@type":"ImageObject","inLanguage":"fr-FR","@id":"https:\/\/socodit.fr\/consultants\/#\/schema\/logo\/image\/","url":"https:\/\/socodit.fr\/consultants\/wp-content\/uploads\/2024\/03\/LOGO_SOCODIT-2025-1.png","contentUrl":"https:\/\/socodit.fr\/consultants\/wp-content\/uploads\/2024\/03\/LOGO_SOCODIT-2025-1.png","width":1844,"height":478,"caption":"Socodit Consultants"},"image":{"@id":"https:\/\/socodit.fr\/consultants\/#\/schema\/logo\/image\/"}}]}},"_links":{"self":[{"href":"https:\/\/socodit.fr\/consultants\/wp-json\/wp\/v2\/pages\/6167","targetHints":{"allow":["GET"]}}],"collection":[{"href":"https:\/\/socodit.fr\/consultants\/wp-json\/wp\/v2\/pages"}],"about":[{"href":"https:\/\/socodit.fr\/consultants\/wp-json\/wp\/v2\/types\/page"}],"author":[{"embeddable":true,"href":"https:\/\/socodit.fr\/consultants\/wp-json\/wp\/v2\/users\/4"}],"replies":[{"embeddable":true,"href":"https:\/\/socodit.fr\/consultants\/wp-json\/wp\/v2\/comments?post=6167"}],"version-history":[{"count":3,"href":"https:\/\/socodit.fr\/consultants\/wp-json\/wp\/v2\/pages\/6167\/revisions"}],"predecessor-version":[{"id":19500,"href":"https:\/\/socodit.fr\/consultants\/wp-json\/wp\/v2\/pages\/6167\/revisions\/19500"}],"wp:attachment":[{"href":"https:\/\/socodit.fr\/consultants\/wp-json\/wp\/v2\/media?parent=6167"}],"curies":[{"name":"wp","href":"https:\/\/api.w.org\/{rel}","templated":true}]}}